{"id":11486,"date":"2025-02-06T11:09:27","date_gmt":"2025-02-06T08:09:27","guid":{"rendered":"https:\/\/idea-wood.com\/?post_type=product&#038;p=11486"},"modified":"2026-04-25T08:11:56","modified_gmt":"2026-04-25T05:11:56","slug":"elips-zigon-sehpa-takimi-3lu","status":"publish","type":"product","link":"https:\/\/idea-wood.com\/en\/product\/elips-zigon-sehpa-takimi-3lu\/","title":{"rendered":"Elips Zigon Sehpa Tak\u0131m\u0131 3&#8217;l\u00fc"},"content":{"rendered":"<p>Elips Koyu Ceviz Sehpa Tak\u0131m\u0131 3\u2019l\u00fc<\/p>\n<p>Masif ah\u015fap tabla ve ayak (Kesinlikle mdf, kaplama vb i\u00e7ermemektedir)<\/p>\n<p>-Ayaklar s\u00f6k\u00fcl\u00fcr tak\u0131labilir \u015fekildedir<\/p>\n<p>-Rubio monocoat ah\u015fap ya\u011f\u0131 ile ya\u011flanm\u0131\u015f ah\u015fap y\u00fczey<\/p>\n<p>&nbsp;<\/p>","protected":false},"excerpt":{"rendered":"<p>Elips Koyu Ceviz Zigon Sehpa Tak\u0131m\u0131 3\u2019l\u00fc<\/p>\n<p>Masif ah\u015fap tabla ve ayak (Kesinlikle mdf, kaplama vb i\u00e7ermemektedir)<\/p>\n<p>-Ayaklar s\u00f6k\u00fcl\u00fcr tak\u0131labilir \u015fekildedir<\/p>\n<p>-Rubio monocoat ah\u015fap ya\u011f\u0131 ile ya\u011flanm\u0131\u015f ah\u015fap y\u00fczey<\/p>\n<p>&nbsp;<\/p>\n<p>&nbsp;<\/p>\n<p>&nbsp;<\/p>\n<p>&nbsp;<\/p>\n<p>&nbsp;<\/p>","protected":false},"featured_media":0,"comment_status":"closed","ping_status":"closed","template":"","meta":{"_joinchat":[]},"product_brand":[],"product_cat":[15],"product_tag":[],"class_list":{"0":"post-11486","1":"product","2":"type-product","3":"status-publish","5":"product_cat-genel","6":"product_shipping_class-kargo-aksesuar","8":"first","9":"instock","10":"taxable","11":"shipping-taxable","12":"product-type-simple"},"_links":{"self":[{"href":"https:\/\/idea-wood.com\/en\/wp-json\/wp\/v2\/product\/11486","targetHints":{"allow":["GET"]}}],"collection":[{"href":"https:\/\/idea-wood.com\/en\/wp-json\/wp\/v2\/product"}],"about":[{"href":"https:\/\/idea-wood.com\/en\/wp-json\/wp\/v2\/types\/product"}],"replies":[{"embeddable":true,"href":"https:\/\/idea-wood.com\/en\/wp-json\/wp\/v2\/comments?post=11486"}],"version-history":[{"count":1,"href":"https:\/\/idea-wood.com\/en\/wp-json\/wp\/v2\/product\/11486\/revisions"}],"predecessor-version":[{"id":14190,"href":"https:\/\/idea-wood.com\/en\/wp-json\/wp\/v2\/product\/11486\/revisions\/14190"}],"wp:attachment":[{"href":"https:\/\/idea-wood.com\/en\/wp-json\/wp\/v2\/media?parent=11486"}],"wp:term":[{"taxonomy":"product_brand","embeddable":true,"href":"https:\/\/idea-wood.com\/en\/wp-json\/wp\/v2\/product_brand?post=11486"},{"taxonomy":"product_cat","embeddable":true,"href":"https:\/\/idea-wood.com\/en\/wp-json\/wp\/v2\/product_cat?post=11486"},{"taxonomy":"product_tag","embeddable":true,"href":"https:\/\/idea-wood.com\/en\/wp-json\/wp\/v2\/product_tag?post=11486"}],"curies":[{"name":"wp","href":"https:\/\/api.w.org\/{rel}","templated":true}]}}

Elips Zigon Sehpa Takımı 3&#8217;lü

<p>Elips Koyu Ceviz Sehpa Takımı 3’lü</p>
<p>Masif ahşap tabla ve ayak (Kesinlikle mdf, kaplama vb içermemektedir)</p>
<p>-Ayaklar sökülür takılabilir şekildedir</p>
<p>-Rubio monocoat ahşap yağı ile yağlanmış ahşap yüzey</p>
<p>&nbsp;</p>

<p>Elips Koyu Ceviz Zigon Sehpa Takımı 3’lü</p>
<p>Masif ahşap tabla ve ayak (Kesinlikle mdf, kaplama vb içermemektedir)</p>
<p>-Ayaklar sökülür takılabilir şekildedir</p>
<p>-Rubio monocoat ahşap yağı ile yağlanmış ahşap yüzey</p>
<p>&nbsp;</p>
<p>&nbsp;</p>
<p>&nbsp;</p>
<p>&nbsp;</p>
<p>&nbsp;</p>
