{"id":11493,"date":"2025-02-06T11:09:27","date_gmt":"2025-02-06T08:09:27","guid":{"rendered":"https:\/\/idea-wood.com\/?post_type=product&#038;p=11493"},"modified":"2026-04-28T15:33:37","modified_gmt":"2026-04-28T12:33:37","slug":"cam-yuvarlak-yan-sehpa","status":"publish","type":"product","link":"https:\/\/idea-wood.com\/en\/product\/cam-yuvarlak-yan-sehpa\/","title":{"rendered":"Natura \u00c7am Sehpa (Do\u011fal Yuvarlak K\u00fct\u00fck)"},"content":{"rendered":"<p><strong>Natura \u00c7am Yan Sehpa (Do\u011fal Yuvarlak K\u00fct\u00fck)<\/strong><\/p>\n<p>\u00c7am A\u011fac\u0131n\u0131n rahatl\u0131\u011f\u0131n\u0131 evinize ta\u015f\u0131y\u0131n.<br \/>\nDo\u011fal ah\u015fap \u00fcr\u00fcn\u00fcn s\u0131cakl\u0131\u011f\u0131n\u0131 evinize ta\u015f\u0131mak istiyoruz.<\/p>\n<p><strong><br \/>\n\u00dcr\u00fcn \u00d6l\u00e7\u00fcleri:<\/strong><\/p>\n<p>\u00c7ap: 60<\/p>\n<p><strong>B\u0130LG\u0130LEND\u0130RME:<\/strong>\u00a0Ki\u015fiye \u00f6zel \u00f6l\u00e7\u00fc ve modellerde \u00fcretim i\u00e7in bizimle ileti\u015fime ge\u00e7ebilirsiniz.<\/p>\n<p><strong><br \/>\n\u00dcr\u00fcn Bilgisi:<\/strong><br \/>\nF\u0131r\u0131nlanm\u0131\u015f %100 \u00c7am A\u011fac\u0131ndan \u00fcst tabla.<br \/>\nMetal Tel Ayak.<br \/>\nKimyasal i\u00e7ermeyen \u00f6zel do\u011fal ya\u011f ile koruma.<\/p>\n<p><strong><br \/>\nTeslimat:<\/strong><\/p>\n<p>Ankara i\u00e7i \u00fccretsiz teslimat ve kurulum avantaj\u0131 ile sizlere hizmet veriyoruz.<\/p>\n<p>Sizlere \u00f6zel \u00fcretimimiz ile sadece 4-6 Hafta ile hayalinize kavu\u015fturuyoruz.<\/p>","protected":false},"excerpt":{"rendered":"<p>\u00c7am yuvarlak yan sehpa<\/p>\n<p>\u00c7ap: 60-4,5 cm<\/p>\n<p>\u00d6zel tasar\u0131m imal edilmi\u015f .<\/p>\n<p>Metal y\u00fczey istenilen renk uygulanabilir.<\/p>\n<p>Haz\u0131rlanmas\u0131 10-15 \u00e7al\u0131\u015fma g\u00fcn\u00fc s\u00fcrebilir.<\/p>\n<p>Farkl\u0131 renk ve ah\u015fap talebiniz i\u00e7in l\u00fctfen bizimle ileti\u015fime ge\u00e7in.<\/p>","protected":false},"featured_media":14207,"comment_status":"closed","ping_status":"closed","template":"","meta":{"_joinchat":[]},"product_brand":[],"product_cat":[15,218],"product_tag":[],"class_list":{"0":"post-11493","1":"product","2":"type-product","3":"status-publish","4":"has-post-thumbnail","6":"product_cat-genel","7":"product_cat-sehpa","9":"first","10":"instock","11":"taxable","12":"shipping-taxable","13":"product-type-simple"},"_links":{"self":[{"href":"https:\/\/idea-wood.com\/en\/wp-json\/wp\/v2\/product\/11493","targetHints":{"allow":["GET"]}}],"collection":[{"href":"https:\/\/idea-wood.com\/en\/wp-json\/wp\/v2\/product"}],"about":[{"href":"https:\/\/idea-wood.com\/en\/wp-json\/wp\/v2\/types\/product"}],"replies":[{"embeddable":true,"href":"https:\/\/idea-wood.com\/en\/wp-json\/wp\/v2\/comments?post=11493"}],"version-history":[{"count":2,"href":"https:\/\/idea-wood.com\/en\/wp-json\/wp\/v2\/product\/11493\/revisions"}],"predecessor-version":[{"id":14209,"href":"https:\/\/idea-wood.com\/en\/wp-json\/wp\/v2\/product\/11493\/revisions\/14209"}],"wp:featuredmedia":[{"embeddable":true,"href":"https:\/\/idea-wood.com\/en\/wp-json\/wp\/v2\/media\/14207"}],"wp:attachment":[{"href":"https:\/\/idea-wood.com\/en\/wp-json\/wp\/v2\/media?parent=11493"}],"wp:term":[{"taxonomy":"product_brand","embeddable":true,"href":"https:\/\/idea-wood.com\/en\/wp-json\/wp\/v2\/product_brand?post=11493"},{"taxonomy":"product_cat","embeddable":true,"href":"https:\/\/idea-wood.com\/en\/wp-json\/wp\/v2\/product_cat?post=11493"},{"taxonomy":"product_tag","embeddable":true,"href":"https:\/\/idea-wood.com\/en\/wp-json\/wp\/v2\/product_tag?post=11493"}],"curies":[{"name":"wp","href":"https:\/\/api.w.org\/{rel}","templated":true}]}}

Natura Çam Sehpa (Doğal Yuvarlak Kütük)

<p><strong>Natura Çam Yan Sehpa (Doğal Yuvarlak Kütük)</strong></p>
<p>Çam Ağacının rahatlığını evinize taşıyın.<br />
Doğal ahşap ürünün sıcaklığını evinize taşımak istiyoruz.</p>
<p><strong><br />
Ürün Ölçüleri:</strong></p>
<p>Çap: 60</p>
<p><strong>BİLGİLENDİRME:</strong> Kişiye özel ölçü ve modellerde üretim için bizimle iletişime geçebilirsiniz.</p>
<p><strong><br />
Ürün Bilgisi:</strong><br />
Fırınlanmış %100 Çam Ağacından üst tabla.<br />
Metal Tel Ayak.<br />
Kimyasal içermeyen özel doğal yağ ile koruma.</p>
<p><strong><br />
Teslimat:</strong></p>
<p>Ankara içi ücretsiz teslimat ve kurulum avantajı ile sizlere hizmet veriyoruz.</p>
<p>Sizlere özel üretimimiz ile sadece 4-6 Hafta ile hayalinize kavuşturuyoruz.</p>

<p>Çam yuvarlak yan sehpa</p>
<p>Çap: 60-4,5 cm</p>
<p>Özel tasarım imal edilmiş .</p>
<p>Metal yüzey istenilen renk uygulanabilir.</p>
<p>Hazırlanması 10-15 çalışma günü sürebilir.</p>
<p>Farklı renk ve ahşap talebiniz için lütfen bizimle iletişime geçin.</p>
