{"id":11552,"date":"2025-02-06T11:09:58","date_gmt":"2025-02-06T08:09:58","guid":{"rendered":"https:\/\/idea-wood.com\/?post_type=product&#038;p=11552"},"modified":"2025-04-25T11:36:20","modified_gmt":"2025-04-25T08:36:20","slug":"hint-ceviz-masa","status":"publish","type":"product","link":"https:\/\/idea-wood.com\/en\/product\/hint-ceviz-masa\/","title":{"rendered":"Hint Ceviz Masa"},"content":{"rendered":"<p>Genel \u00f6l\u00e7\u00fcleri 220\u00d790-100*5 cm aras\u0131ndad\u0131r<\/p>\n<p><span class=\"ff1 cf0 fs24\">-Do\u011fal kenar masif hint ceviz tabla<\/span><\/p>\n<p><span class=\"ff1 cf0 fs24\">-Ya\u011flanm\u0131\u015f ah\u015fap y\u00fczey<br \/>\n<\/span><\/p>\n<p><span class=\"ff1 cf0 fs24\">-Metal veya ah\u015fap ayak<br \/>\n<\/span><\/p>\n<p><span class=\"ff1 cf0 fs24\">-\u0130stenilen ebatta g\u00f6re \u00fcretilebilir<br \/>\n<\/span><\/p>\n<p><span class=\"ff1 cf0 fs24\">-\u00dcr\u00fcnlerin g\u00f6r\u00fcn\u00fc\u015f\u00fc her masada farkl\u0131l\u0131k g\u00f6sterir,<br \/>\n<\/span><\/p>\n<p><span class=\"ff1 cf0 fs24\">-Ancak genel karakterleri ayn\u0131d\u0131r.<\/span><\/p>","protected":false},"excerpt":{"rendered":"<p>Genel \u00f6l\u00e7\u00fcleri 220\u00d790-100*5 cm aras\u0131ndad\u0131r (Yekpare)<\/p>\n<p><span class=\"ff1 cf0 fs24\">-Do\u011fal kenar masif hint ceviz tabla<\/span><\/p>\n<p><span class=\"ff1 cf0 fs24\">-Ya\u011flanm\u0131\u015f ah\u015fap y\u00fczey<br \/>\n<\/span><\/p>\n<p><span class=\"ff1 cf0 fs24\">-Metal veya ah\u015fap ayak<br \/>\n<\/span><\/p>\n<p><span class=\"ff1 cf0 fs24\">-\u0130stenilen ebatta g\u00f6re \u00fcretilebilir<br \/>\n<\/span><\/p>\n<p><span class=\"ff1 cf0 fs24\">-\u00dcr\u00fcnlerin g\u00f6r\u00fcn\u00fc\u015f\u00fc her masada farkl\u0131l\u0131k g\u00f6sterir,<br \/>\n<\/span><\/p>\n<p><span class=\"ff1 cf0 fs24\">-Ancak genel karakterleri ayn\u0131d\u0131r.<\/span><\/p>","protected":false},"featured_media":0,"comment_status":"closed","ping_status":"closed","template":"","meta":{"_joinchat":[]},"product_brand":[],"product_cat":[15,223],"product_tag":[],"class_list":{"0":"post-11552","1":"product","2":"type-product","3":"status-publish","5":"product_cat-genel","6":"product_cat-masa-cafe-restaurant","8":"first","9":"instock","10":"taxable","11":"shipping-taxable","12":"product-type-simple"},"_links":{"self":[{"href":"https:\/\/idea-wood.com\/en\/wp-json\/wp\/v2\/product\/11552","targetHints":{"allow":["GET"]}}],"collection":[{"href":"https:\/\/idea-wood.com\/en\/wp-json\/wp\/v2\/product"}],"about":[{"href":"https:\/\/idea-wood.com\/en\/wp-json\/wp\/v2\/types\/product"}],"replies":[{"embeddable":true,"href":"https:\/\/idea-wood.com\/en\/wp-json\/wp\/v2\/comments?post=11552"}],"version-history":[{"count":0,"href":"https:\/\/idea-wood.com\/en\/wp-json\/wp\/v2\/product\/11552\/revisions"}],"wp:attachment":[{"href":"https:\/\/idea-wood.com\/en\/wp-json\/wp\/v2\/media?parent=11552"}],"wp:term":[{"taxonomy":"product_brand","embeddable":true,"href":"https:\/\/idea-wood.com\/en\/wp-json\/wp\/v2\/product_brand?post=11552"},{"taxonomy":"product_cat","embeddable":true,"href":"https:\/\/idea-wood.com\/en\/wp-json\/wp\/v2\/product_cat?post=11552"},{"taxonomy":"product_tag","embeddable":true,"href":"https:\/\/idea-wood.com\/en\/wp-json\/wp\/v2\/product_tag?post=11552"}],"curies":[{"name":"wp","href":"https:\/\/api.w.org\/{rel}","templated":true}]}}

<p>Genel ölçüleri 220×90-100*5 cm arasındadır</p>
<p><span class="ff1 cf0 fs24">-Doğal kenar masif hint ceviz tabla</span></p>
<p><span class="ff1 cf0 fs24">-Yağlanmış ahşap yüzey<br />
</span></p>
<p><span class="ff1 cf0 fs24">-Metal veya ahşap ayak<br />
</span></p>
<p><span class="ff1 cf0 fs24">-İstenilen ebatta göre üretilebilir<br />
</span></p>
<p><span class="ff1 cf0 fs24">-Ürünlerin görünüşü her masada farklılık gösterir,<br />
</span></p>
<p><span class="ff1 cf0 fs24">-Ancak genel karakterleri aynıdır.</span></p>

<p>Genel ölçüleri 220×90-100*5 cm arasındadır (Yekpare)</p>
<p><span class="ff1 cf0 fs24">-Doğal kenar masif hint ceviz tabla</span></p>
<p><span class="ff1 cf0 fs24">-Yağlanmış ahşap yüzey<br />
</span></p>
<p><span class="ff1 cf0 fs24">-Metal veya ahşap ayak<br />
</span></p>
<p><span class="ff1 cf0 fs24">-İstenilen ebatta göre üretilebilir<br />
</span></p>
<p><span class="ff1 cf0 fs24">-Ürünlerin görünüşü her masada farklılık gösterir,<br />
</span></p>
<p><span class="ff1 cf0 fs24">-Ancak genel karakterleri aynıdır.</span></p>
